{"id":101,"date":"2016-03-04T20:56:15","date_gmt":"2016-03-04T20:56:15","guid":{"rendered":"http:\/\/blog.casaraoimoveis.com.br\/?page_id=101"},"modified":"2026-04-14T08:33:26","modified_gmt":"2026-04-14T11:33:26","slug":"por_que_casarao","status":"publish","type":"page","link":"https:\/\/casaraoimoveis.com.br\/blog\/por_que_casarao\/","title":{"rendered":"POR QUE A CASAR\u00c3O?"},"content":{"rendered":"<h2>As melhores oportunidades est\u00e3o aqui!<\/h2>\n<p><a href=\"https:\/\/casaraoimoveis.com.br\/blog\/wp-content\/uploads\/2023\/11\/Bertuol-253-scaled.jpg\" rel=\"attachment wp-att-96\"><img loading=\"lazy\" decoding=\"async\" class=\"alignnone wp-image-5946 size-medium\" src=\"https:\/\/casaraoimoveis.com.br\/blog\/wp-content\/uploads\/2023\/11\/Bertuol-253-300x200.jpg\" alt=\"\" width=\"300\" height=\"200\" srcset=\"https:\/\/casaraoimoveis.com.br\/blog\/wp-content\/uploads\/2023\/11\/Bertuol-253-300x200.jpg 300w, https:\/\/casaraoimoveis.com.br\/blog\/wp-content\/uploads\/2023\/11\/Bertuol-253-1024x684.jpg 1024w, https:\/\/casaraoimoveis.com.br\/blog\/wp-content\/uploads\/2023\/11\/Bertuol-253-768x513.jpg 768w, https:\/\/casaraoimoveis.com.br\/blog\/wp-content\/uploads\/2023\/11\/Bertuol-253-1536x1025.jpg 1536w, https:\/\/casaraoimoveis.com.br\/blog\/wp-content\/uploads\/2023\/11\/Bertuol-253-2048x1367.jpg 2048w\" sizes=\"auto, (max-width: 300px) 100vw, 300px\" \/><\/a><\/p>\n<p class=\"descricao-casarao d-none d-md-block\">A Casar\u00e3o Im\u00f3veis \u00e9 uma das maiores imobili\u00e1rias do Rio Grande do Sul. H\u00e1 50 anos atua no mercado imobili\u00e1rio, com honestidade, transpar\u00eancia e proximidade com seus clientes. As viv\u00eancias garantiram profundo conhecimento sobre compra, venda e aluguel de im\u00f3veis, al\u00e9m da administra\u00e7\u00e3o de condom\u00ednios. Ainda assim, a busca por crescimento \u00e9 constante, com investimento em tecnologia e inova\u00e7\u00e3o. Mas, no final, o que importa mesmo s\u00e3o as pessoas. Come\u00e7ando pelos colaboradores, clientes e chegando at\u00e9 a comunidade em geral. Elas est\u00e3o em cada servi\u00e7o ofertado, cada atendimento e cada inova\u00e7\u00e3o buscada.<\/p>\n<p class=\"descricao-casarao d-none d-md-block\">Tudo o que \u00e9 feito pela Casar\u00e3o tem a inten\u00e7\u00e3o de ajudar pessoas a realizar os seus sonhos. E garantir que \u201caqui tem um lugar para voc\u00ea\u201d.<\/p>\n","protected":false},"excerpt":{"rendered":"<p>H\u00e1 50 anos atua no mercado imobili\u00e1rio, com honestidade, transpar\u00eancia e proximidade com seus clientes. As viv\u00eancias garantiram profundo conhecimento sobre compra, venda e aluguel de im\u00f3veis, al\u00e9m da administra\u00e7\u00e3o de condom\u00ednios. Ainda assim, a busca por crescimento \u00e9 constante, com investimento em tecnologia e inova\u00e7\u00e3o.<\/p>\n","protected":false},"author":2,"featured_media":5946,"parent":0,"menu_order":0,"comment_status":"closed","ping_status":"closed","template":"","meta":{"footnotes":""},"class_list":["post-101","page","type-page","status-publish","has-post-thumbnail","czr-hentry"],"yoast_head":"<!-- This site is optimized with the Yoast SEO plugin v27.4 - https:\/\/yoast.com\/product\/yoast-seo-wordpress\/ -->\n<title>POR QUE A CASAR\u00c3O? - Blog da Casar\u00e3o<\/title>\n<meta name=\"robots\" content=\"index, follow, max-snippet:-1, max-image-preview:large, max-video-preview:-1\" \/>\n<link rel=\"canonical\" href=\"https:\/\/casaraoimoveis.com.br\/blog\/por_que_casarao\/\" \/>\n<meta property=\"og:locale\" content=\"pt_BR\" \/>\n<meta property=\"og:type\" content=\"article\" \/>\n<meta property=\"og:title\" content=\"POR QUE A CASAR\u00c3O? - Blog da Casar\u00e3o\" \/>\n<meta property=\"og:description\" content=\"H\u00e1 50 anos atua no mercado imobili\u00e1rio, com honestidade, transpar\u00eancia e proximidade com seus clientes. As viv\u00eancias garantiram profundo conhecimento sobre compra, venda e aluguel de im\u00f3veis, al\u00e9m da administra\u00e7\u00e3o de condom\u00ednios. Ainda assim, a busca por crescimento \u00e9 constante, com investimento em tecnologia e inova\u00e7\u00e3o.\" \/>\n<meta property=\"og:url\" content=\"https:\/\/casaraoimoveis.com.br\/blog\/por_que_casarao\/\" \/>\n<meta property=\"og:site_name\" content=\"Blog da Casar\u00e3o\" \/>\n<meta property=\"article:publisher\" content=\"https:\/\/www.facebook.com\/CasaraoImoveis\/\" \/>\n<meta property=\"article:modified_time\" content=\"2026-04-14T11:33:26+00:00\" \/>\n<meta property=\"og:image\" content=\"https:\/\/casaraoimoveis.com.br\/blog\/wp-content\/uploads\/2023\/11\/Bertuol-253-scaled.jpg\" \/>\n\t<meta property=\"og:image:width\" content=\"2560\" \/>\n\t<meta property=\"og:image:height\" content=\"1709\" \/>\n\t<meta property=\"og:image:type\" content=\"image\/jpeg\" \/>\n<meta name=\"twitter:card\" content=\"summary_large_image\" \/>\n<meta name=\"twitter:site\" content=\"@casaraoimoveis\" \/>\n<meta name=\"twitter:label1\" content=\"Est. tempo de leitura\" \/>\n\t<meta name=\"twitter:data1\" content=\"2 minutos\" \/>\n<script type=\"application\/ld+json\" class=\"yoast-schema-graph\">{\"@context\":\"https:\\\/\\\/schema.org\",\"@graph\":[{\"@type\":\"WebPage\",\"@id\":\"https:\\\/\\\/casaraoimoveis.com.br\\\/blog\\\/por_que_casarao\\\/\",\"url\":\"https:\\\/\\\/casaraoimoveis.com.br\\\/blog\\\/por_que_casarao\\\/\",\"name\":\"POR QUE A CASAR\u00c3O? - Blog da Casar\u00e3o\",\"isPartOf\":{\"@id\":\"https:\\\/\\\/casaraoimoveis.com.br\\\/blog\\\/#website\"},\"primaryImageOfPage\":{\"@id\":\"https:\\\/\\\/casaraoimoveis.com.br\\\/blog\\\/por_que_casarao\\\/#primaryimage\"},\"image\":{\"@id\":\"https:\\\/\\\/casaraoimoveis.com.br\\\/blog\\\/por_que_casarao\\\/#primaryimage\"},\"thumbnailUrl\":\"https:\\\/\\\/casaraoimoveis.com.br\\\/blog\\\/wp-content\\\/uploads\\\/2023\\\/11\\\/Bertuol-253-scaled.jpg\",\"datePublished\":\"2016-03-04T20:56:15+00:00\",\"dateModified\":\"2026-04-14T11:33:26+00:00\",\"breadcrumb\":{\"@id\":\"https:\\\/\\\/casaraoimoveis.com.br\\\/blog\\\/por_que_casarao\\\/#breadcrumb\"},\"inLanguage\":\"pt-BR\",\"potentialAction\":[{\"@type\":\"ReadAction\",\"target\":[\"https:\\\/\\\/casaraoimoveis.com.br\\\/blog\\\/por_que_casarao\\\/\"]}]},{\"@type\":\"ImageObject\",\"inLanguage\":\"pt-BR\",\"@id\":\"https:\\\/\\\/casaraoimoveis.com.br\\\/blog\\\/por_que_casarao\\\/#primaryimage\",\"url\":\"https:\\\/\\\/casaraoimoveis.com.br\\\/blog\\\/wp-content\\\/uploads\\\/2023\\\/11\\\/Bertuol-253-scaled.jpg\",\"contentUrl\":\"https:\\\/\\\/casaraoimoveis.com.br\\\/blog\\\/wp-content\\\/uploads\\\/2023\\\/11\\\/Bertuol-253-scaled.jpg\",\"width\":2560,\"height\":1709},{\"@type\":\"BreadcrumbList\",\"@id\":\"https:\\\/\\\/casaraoimoveis.com.br\\\/blog\\\/por_que_casarao\\\/#breadcrumb\",\"itemListElement\":[{\"@type\":\"ListItem\",\"position\":1,\"name\":\"In\u00edcio\",\"item\":\"https:\\\/\\\/casaraoimoveis.com.br\\\/blog\\\/\"},{\"@type\":\"ListItem\",\"position\":2,\"name\":\"POR QUE A CASAR\u00c3O?\"}]},{\"@type\":\"WebSite\",\"@id\":\"https:\\\/\\\/casaraoimoveis.com.br\\\/blog\\\/#website\",\"url\":\"https:\\\/\\\/casaraoimoveis.com.br\\\/blog\\\/\",\"name\":\"Blog da Casar\u00e3o\",\"description\":\"Aqui tem um lugar pra voc\u00ea\",\"publisher\":{\"@id\":\"https:\\\/\\\/casaraoimoveis.com.br\\\/blog\\\/#organization\"},\"potentialAction\":[{\"@type\":\"SearchAction\",\"target\":{\"@type\":\"EntryPoint\",\"urlTemplate\":\"https:\\\/\\\/casaraoimoveis.com.br\\\/blog\\\/?s={search_term_string}\"},\"query-input\":{\"@type\":\"PropertyValueSpecification\",\"valueRequired\":true,\"valueName\":\"search_term_string\"}}],\"inLanguage\":\"pt-BR\"},{\"@type\":\"Organization\",\"@id\":\"https:\\\/\\\/casaraoimoveis.com.br\\\/blog\\\/#organization\",\"name\":\"Casar\u00e3o Im\u00f3veis\",\"url\":\"https:\\\/\\\/casaraoimoveis.com.br\\\/blog\\\/\",\"logo\":{\"@type\":\"ImageObject\",\"inLanguage\":\"pt-BR\",\"@id\":\"https:\\\/\\\/casaraoimoveis.com.br\\\/blog\\\/#\\\/schema\\\/logo\\\/image\\\/\",\"url\":\"https:\\\/\\\/casaraoimoveis.com.br\\\/blog\\\/wp-content\\\/uploads\\\/2023\\\/11\\\/cropped-marca_horizontal_.png\",\"contentUrl\":\"https:\\\/\\\/casaraoimoveis.com.br\\\/blog\\\/wp-content\\\/uploads\\\/2023\\\/11\\\/cropped-marca_horizontal_.png\",\"width\":678,\"height\":136,\"caption\":\"Casar\u00e3o Im\u00f3veis\"},\"image\":{\"@id\":\"https:\\\/\\\/casaraoimoveis.com.br\\\/blog\\\/#\\\/schema\\\/logo\\\/image\\\/\"},\"sameAs\":[\"https:\\\/\\\/www.facebook.com\\\/CasaraoImoveis\\\/\",\"https:\\\/\\\/x.com\\\/casaraoimoveis\",\"https:\\\/\\\/www.instagram.com\\\/casarao_imoveis\\\/\",\"https:\\\/\\\/www.linkedin.com\\\/company\\\/casar\u00e3o-im\u00f3veis\",\"https:\\\/\\\/www.youtube.com\\\/channel\\\/UCTAp0eq_KdwHwO46z4te6Cg\"]}]}<\/script>\n<!-- \/ Yoast SEO plugin. -->","yoast_head_json":{"title":"POR QUE A CASAR\u00c3O? - Blog da Casar\u00e3o","robots":{"index":"index","follow":"follow","max-snippet":"max-snippet:-1","max-image-preview":"max-image-preview:large","max-video-preview":"max-video-preview:-1"},"canonical":"https:\/\/casaraoimoveis.com.br\/blog\/por_que_casarao\/","og_locale":"pt_BR","og_type":"article","og_title":"POR QUE A CASAR\u00c3O? - Blog da Casar\u00e3o","og_description":"H\u00e1 50 anos atua no mercado imobili\u00e1rio, com honestidade, transpar\u00eancia e proximidade com seus clientes. As viv\u00eancias garantiram profundo conhecimento sobre compra, venda e aluguel de im\u00f3veis, al\u00e9m da administra\u00e7\u00e3o de condom\u00ednios. Ainda assim, a busca por crescimento \u00e9 constante, com investimento em tecnologia e inova\u00e7\u00e3o.","og_url":"https:\/\/casaraoimoveis.com.br\/blog\/por_que_casarao\/","og_site_name":"Blog da Casar\u00e3o","article_publisher":"https:\/\/www.facebook.com\/CasaraoImoveis\/","article_modified_time":"2026-04-14T11:33:26+00:00","og_image":[{"width":2560,"height":1709,"url":"https:\/\/casaraoimoveis.com.br\/blog\/wp-content\/uploads\/2023\/11\/Bertuol-253-scaled.jpg","type":"image\/jpeg"}],"twitter_card":"summary_large_image","twitter_site":"@casaraoimoveis","twitter_misc":{"Est. tempo de leitura":"2 minutos"},"schema":{"@context":"https:\/\/schema.org","@graph":[{"@type":"WebPage","@id":"https:\/\/casaraoimoveis.com.br\/blog\/por_que_casarao\/","url":"https:\/\/casaraoimoveis.com.br\/blog\/por_que_casarao\/","name":"POR QUE A CASAR\u00c3O? - Blog da Casar\u00e3o","isPartOf":{"@id":"https:\/\/casaraoimoveis.com.br\/blog\/#website"},"primaryImageOfPage":{"@id":"https:\/\/casaraoimoveis.com.br\/blog\/por_que_casarao\/#primaryimage"},"image":{"@id":"https:\/\/casaraoimoveis.com.br\/blog\/por_que_casarao\/#primaryimage"},"thumbnailUrl":"https:\/\/casaraoimoveis.com.br\/blog\/wp-content\/uploads\/2023\/11\/Bertuol-253-scaled.jpg","datePublished":"2016-03-04T20:56:15+00:00","dateModified":"2026-04-14T11:33:26+00:00","breadcrumb":{"@id":"https:\/\/casaraoimoveis.com.br\/blog\/por_que_casarao\/#breadcrumb"},"inLanguage":"pt-BR","potentialAction":[{"@type":"ReadAction","target":["https:\/\/casaraoimoveis.com.br\/blog\/por_que_casarao\/"]}]},{"@type":"ImageObject","inLanguage":"pt-BR","@id":"https:\/\/casaraoimoveis.com.br\/blog\/por_que_casarao\/#primaryimage","url":"https:\/\/casaraoimoveis.com.br\/blog\/wp-content\/uploads\/2023\/11\/Bertuol-253-scaled.jpg","contentUrl":"https:\/\/casaraoimoveis.com.br\/blog\/wp-content\/uploads\/2023\/11\/Bertuol-253-scaled.jpg","width":2560,"height":1709},{"@type":"BreadcrumbList","@id":"https:\/\/casaraoimoveis.com.br\/blog\/por_que_casarao\/#breadcrumb","itemListElement":[{"@type":"ListItem","position":1,"name":"In\u00edcio","item":"https:\/\/casaraoimoveis.com.br\/blog\/"},{"@type":"ListItem","position":2,"name":"POR QUE A CASAR\u00c3O?"}]},{"@type":"WebSite","@id":"https:\/\/casaraoimoveis.com.br\/blog\/#website","url":"https:\/\/casaraoimoveis.com.br\/blog\/","name":"Blog da Casar\u00e3o","description":"Aqui tem um lugar pra voc\u00ea","publisher":{"@id":"https:\/\/casaraoimoveis.com.br\/blog\/#organization"},"potentialAction":[{"@type":"SearchAction","target":{"@type":"EntryPoint","urlTemplate":"https:\/\/casaraoimoveis.com.br\/blog\/?s={search_term_string}"},"query-input":{"@type":"PropertyValueSpecification","valueRequired":true,"valueName":"search_term_string"}}],"inLanguage":"pt-BR"},{"@type":"Organization","@id":"https:\/\/casaraoimoveis.com.br\/blog\/#organization","name":"Casar\u00e3o Im\u00f3veis","url":"https:\/\/casaraoimoveis.com.br\/blog\/","logo":{"@type":"ImageObject","inLanguage":"pt-BR","@id":"https:\/\/casaraoimoveis.com.br\/blog\/#\/schema\/logo\/image\/","url":"https:\/\/casaraoimoveis.com.br\/blog\/wp-content\/uploads\/2023\/11\/cropped-marca_horizontal_.png","contentUrl":"https:\/\/casaraoimoveis.com.br\/blog\/wp-content\/uploads\/2023\/11\/cropped-marca_horizontal_.png","width":678,"height":136,"caption":"Casar\u00e3o Im\u00f3veis"},"image":{"@id":"https:\/\/casaraoimoveis.com.br\/blog\/#\/schema\/logo\/image\/"},"sameAs":["https:\/\/www.facebook.com\/CasaraoImoveis\/","https:\/\/x.com\/casaraoimoveis","https:\/\/www.instagram.com\/casarao_imoveis\/","https:\/\/www.linkedin.com\/company\/casar\u00e3o-im\u00f3veis","https:\/\/www.youtube.com\/channel\/UCTAp0eq_KdwHwO46z4te6Cg"]}]}},"_links":{"self":[{"href":"https:\/\/casaraoimoveis.com.br\/blog\/wp-json\/wp\/v2\/pages\/101","targetHints":{"allow":["GET"]}}],"collection":[{"href":"https:\/\/casaraoimoveis.com.br\/blog\/wp-json\/wp\/v2\/pages"}],"about":[{"href":"https:\/\/casaraoimoveis.com.br\/blog\/wp-json\/wp\/v2\/types\/page"}],"author":[{"embeddable":true,"href":"https:\/\/casaraoimoveis.com.br\/blog\/wp-json\/wp\/v2\/users\/2"}],"replies":[{"embeddable":true,"href":"https:\/\/casaraoimoveis.com.br\/blog\/wp-json\/wp\/v2\/comments?post=101"}],"version-history":[{"count":11,"href":"https:\/\/casaraoimoveis.com.br\/blog\/wp-json\/wp\/v2\/pages\/101\/revisions"}],"predecessor-version":[{"id":6566,"href":"https:\/\/casaraoimoveis.com.br\/blog\/wp-json\/wp\/v2\/pages\/101\/revisions\/6566"}],"wp:featuredmedia":[{"embeddable":true,"href":"https:\/\/casaraoimoveis.com.br\/blog\/wp-json\/wp\/v2\/media\/5946"}],"wp:attachment":[{"href":"https:\/\/casaraoimoveis.com.br\/blog\/wp-json\/wp\/v2\/media?parent=101"}],"curies":[{"name":"wp","href":"https:\/\/api.w.org\/{rel}","templated":true}]}}